ose -7*w = -4*w + 15. Let n(j) = j**3 + 7*j**2 + 4*j + 2. Let x be n(w). Let g = -16 + x. What is the units digit of g?
6
Let l(n) = 3*n - 7. Let y be l(4). Suppose -2*t + 5*a = 43 - 218, -y*t - 4*a = -355. What is the units digit of t?
5
Let j(c) = -c**3 - 2*c**2 + 2*c - 2. Let t be (-4)/(3 - 110/38). Let w be 12/(-42) - t/(-14). What is the units digit of j(w)?
1
Let f = 1180 - -1299. Suppose f = 10*z - 51. What is the tens digit of z?
5
Suppose -5*a + 14 = 49. Let j = 7 + a. What is the tens digit of j + 4*(-36)/(-4)?
3
Suppose -9*s = -212 - 130. Let g be 1*s + 5 + -5. Suppose 0*i - 2*i = -g. What is the tens digit of i?
1
Suppose 39*c = 31*c + 624. What is the tens digit of c?
7
Suppose 3*m - 2*m + 18 = 0. Let c = m + 19. Suppose 0 = -3*o - 4*y + c - 0, 3*y = -2*o. What is the units digit of o?
3
Let v be (147/7)/(3/34). Suppose 2*d - 4*x - v = 0, 0*x - x + 248 = 2*d. What is the tens digit of d?
2
Suppose 5*m = -4*g - g + 1190, 3*g = m + 722. What is the tens digit of g?
4
Let a(y) = -55*y. Let o be a(-1). Let t = -2 + o. What is the tens digit of t?
5
Suppose -6*c + 3*c - p - 28 = 0, -3*c = 3*p + 30. Let g = -7 - c. What is the units digit of (1 - g)/(1/(-29))?
9
Suppose 14 - 2 = -g - 3*o, 4*o = -3*g - 16. Suppose -y + 3*x - 26 + 9 = g, -2*y = -5*x + 29. What is the units digit of 3*y*(-6)/4?
9
Let k(p) = -204*p + 107. What is the hundreds digit of k(-3)?
7
Suppose 0 = 3*g - 40 - 146. Let b = 111 - g. Suppose 1 + b = 2*y. What is the tens digit of y?
2
What is the hundreds digit of (420/252)/(2/762)?
6
Let o = -1923 + 3837. What is the units digit of o?
4
Let z(w) = w**2 - 2*w + 2. Let d be z(3). Suppose -d = -5*p + 10. Suppose 144 = 5*k - v - p*v, 8 = 2*v. What is the units digit of k?
2
Suppose 0 = -l + 3 + 3. Suppose 2*i = -l*n + 2*n + 154, -n = -5*i - 11. What is the units digit of n?
6
Let d(h) = 4*h**2 + h - 2. Let u be d(1). Let t be (u/2)/((-6)/(-8)). What is the units digit of 4*(3 - t) - -53?
7
Let h(u) = -u + u**2 + 1 + 3*u - 12*u**2. Let y be h(-1). What is the units digit of 69*4*(-1)/y?
3
Let h = 1 - -2. Let v(a) = 5 - 2 - 2*a + h*a. What is the units digit of v(5)?
8
Suppose -5*u = 5*j - 690, 3*u - 417 = -0*u - 4*j. Suppose 0 = 5*f + 4*b - 20, 8 = 2*f - 3*b - 0. Suppose -f*m = m - u. What is the units digit of m?
7
Let w(c) = -3*c**2 + 2*c - 1. Let p be w(2). Let a(m) be the first derivative of -m**4/4 - 3*m**3 - m**2/2 - 5*m + 7. What is the units digit of a(p)?
4
Let q(x) = 48*x**2 - 3*x - 17. What is the units digit of q(5)?
8
Suppose -3*d + 4*r + 3389 = 0, -4*d + 3033 = 2*r - 1471. What is the tens digit of d?
2
Let h = 10 - 26. Let p = h + 35. What is the tens digit of p?
1
Let n(x) = -x**3 + 3*x. Let w be n(0). Suppose 3*j - 5*v + 2 = 0, 0 = 5*j - 3*v - 2 - w. What is the units digit of j?
1
Suppose 4*k = 0, 7*i = 4*k + k + 11949. What is the units digit of i?
7
Let l = 42 + -21. What is the tens digit of 6/l - 1046/(-14)?
7
Suppose 308 = 3*k - 7. Suppose -u + 18 = -3*q - 69, u = -3*q + k. Suppose 0 = -4*d - 0*d + u. What is the units digit of d?
4
What is the thousands digit of 4/14 + (-606265)/(-385)?
1
Let y(m) = 8*m + 8. Let s be y(5). Suppose -5*l - v = -14, -v = l - 2*l - 2. Suppose s = l*i - 22. What is the tens digit of i?
3
Suppose 3*x - t - 6 = 0, -5*x = -3*t + 4 - 14. Let p = 24 + x. What is the units digit of p?
6
Let m = 19 + -24. What is the hundreds digit of 10/50 + ((-1722)/m)/3?
1
Suppose 1 = -s + 4. Suppose -6*x + 115 = -x - j, -69 = -3*x - s*j. What is the units digit of x?
3
Let q(d) = d**3 - 7*d**2 - 8*d + 7. Let c(j) = j**3 - 7*j**2 - 9*j + 7. Let b(y) = 5*c(y) - 6*q(y). What is the units digit of b(5)?
8
Let o(x) = -x**3 - 4*x**2 + 2. Let d be o(-4). Let n = d - -2. Suppose 4*m + 5*l - 223 = 0, -n*m + 0*l + 193 = -5*l. What is the units digit of m?
2
Suppose -z = 11*i - 12*i + 169, -684 = -4*i + 2*z. What is the units digit of i?
3
Suppose 5*l = 2*s + 3694, 0 = -l + 4*s + 1145 - 399. What is the units digit of l?
8
Let o(t) = t**3 - 3*t**2 - 2*t + 17. Let n be o(6). Let y = n - 46. What is the tens digit of y?
6
Let h = -714 + 1101. What is the units digit of h?
7
Let u = -185 - -462. What is the hundreds digit of u?
2
Suppose -3*u = 3, -4*u = -5*f + 519 - 125. What is the units digit of f?
8
Let s = -155 + 313. Suppose -5*x - 18 + s = 0. What is the units digit of x?
8
Suppose -56 = -5*j + 3*a, -4*j = -3*a - 57 + 11. Let c be 686/6 + j/(-30). Suppose c = 3*t + 6. What is the units digit of t?
6
Suppose 0 = -4*j - 0*j - 4*b - 44, 0 = -2*j + 2*b - 18. What is the tens digit of (-1226)/j + -1 + (-6)/(-15)?
2
Suppose -3*m + 3*u = -4494, 68*m - 3*u = 70*m - 2986. What is the units digit of m?
6
Let w be -1 - -2 - 2 - 0. Let z be -1*((-3)/w - -2). Let o = 6 - z. What is the units digit of o?
1
Let p be 20/8*24/(-2). Let x(j) = -j**3 - 6*j**2 - j - 1. Let b be x(-7). Let l = b + p. What is the tens digit of l?
2
Let v(a) = -8*a + 37. Let y(q) = -q**3 - 9. Let u be y(0). What is the units digit of v(u)?
9
Let p be (10 - 12)/(2/(-4)). Suppose 5 = -r + p. What is the tens digit of 741/(-13)*1*r?
5
Let d = 217 + -88. Suppose 0 = -j, d = 2*w - 4*j + 5. What is the units digit of w?
2
Let r(d) = 3*d**2 - 7*d - 9. Suppose 0 = -3*k - 4 + 31. What is the units digit of r(k)?
1
Let x(o) = -4*o - 4. Let k be x(5). What is the units digit of (5/(-2))/(1/k)?
0
Let r = 801 - 431. What is the tens digit of r?
7
Suppose -3*d + 34*d = 94953. What is the thousands digit of d?
3
Let j = 30 + -25. Suppose 209 = j*v - 401. Suppose -3*q = -3*n - 25 - v, -3*q = -5*n - 157. What is the tens digit of q?
4
Suppose -6*b = -2*b - 2*f + 36, -5*f = -5*b - 55. Let x be (-7)/(-2)*(-4)/b. Suppose 228 = 4*l + x*q, 295 = 4*l + q + 71. What is the tens digit of l?
5
Let d(n) = -4*n**2 + 7*n - 3. Let y(t) = -t**2 - t + 1. Let s(p) = -d(p) + 3*y(p). Let g be s(10). Suppose h - g = 8. What is the units digit of h?
4
Let z be 10/(-2)*(1 - 2). Suppose 2*h + 2 = -3*f, z*f + 0*h = -4*h - 6. What is the units digit of f?
2
Suppose -23 = -5*y + 2. Suppose 3*d - 7*d + 143 = z, 0 = -y*d + 5. What is the units digit of z?
9
Let x(p) = 5*p**3 - p**2 - p - 1. Suppose 0 = 4*z - 3*c + 4*c + 8, -c = 3*z + 7. Let k be x(z). What is the units digit of k/(-18) - 124/(-6)?
1
Let x(y) = -y**3 + 17*y**2 + 24*y - 13. What is the hundreds digit of x(16)?
6
Let z(j) = 2*j**2 + 3*j. Let h be z(-2). What is the units digit of (h*1)/((-1)/(-19))?
8
Suppose -874 = 4*n - 6*n - 4*d, -10 = 5*d. Let o be ((-2)/3)/(6/n). Let b = 96 + o. What is the units digit of b?
7
Let q(g) be the first derivative of -g**3/3 + 3*g**2/2 - 5. Let o be q(3). What is the units digit of o/1 + 15/1?
5
Let y(u) = -2*u**2 + 3*u + 2. Let l be y(2). Suppose -r = 4*i - 1087, -3*r - 533 = -2*i - l*r. What is the hundreds digit of i?
2
Let r(t) = 7*t + 50. Let a be r(-6). Suppose a*y = -4*y + 600. What is the units digit of y?
0
Suppose 127391 = 30*z + 7*z. What is the tens digit of z?
4
Let o = -1690 + 2510. What is the hundreds digit of o?
8
Suppose 8 = 3*i + 5. Let j be 0 - (-1 + 0 - i). Suppose -j*a - 4 = -3*a. What is the units digit of a?
4
Suppose -2*j - 3*a = -841, a - 431 = -j - 4*a. Suppose 0 = 6*o - 4*o - j. What is the units digit of o?
8
Suppose 5*m = 5*l + 145, 71 + 12 = 2*m + 3*l. Suppose f = -2*z + 10 + 6, f - m = -5*z. Suppose -2*x = -z*x + 40. What is the tens digit of x?
1
What is the units digit of 20/(-60) - 13985/(-15)?
2
Let t(w) = -14*w**3 + 2*w**2 - 1. Let b be t(-1). Suppose z = 126 + b. Suppose 5*c - 2*u - z = 0, 2*u + 35 = c + 5*u. What is the units digit of c?
9
Suppose -i + 5*t = -85, 2*t - 304 = -4*i + 4*t. Suppose -3*x + i + 3 = 0. Let s = 15 + x. What is the tens digit of s?
4
Let a = -5383 + 8205. What is the units digit of a?
2
Let m(l) = -484*l + 456. What is the units digit of m(-4)?
2
Let j(d) be the first derivative of d**3/3 + d**2/2 + d + 2. Let b(q) = 8*q**2 + q + 8. Let f(t) = b(t) - 6*j(t). What is the units digit of f(3)?
5
Let v be (-15)/(-20) - (-52)/16. Let o be (-2 - -2) + 0 + 16. Suppose 4*w + 124 = v*q, o = q + 5*w - 39. What is the tens digit of q?
3
Let t = 21 + -15. Let w = 18 - t. Suppose 4*z = -w + 92. What is the units digit of z?
0
Let x(g) be the first derivative of -3*g**2/2 + 7*g - 1. What is the units digit of x(-5)?
2
Suppose -4*